01
List the prime factors of 80925.
3, 5, 13, 83
List the prime factors of 632.
2, 79
What are the prime factors of 97056?
2, 3, 337
List the prime factors of 3083.
3083
List the prime factors of 126672.
2, 3, 7, 13, 29
List the prime factors of 1569.
3, 523
What are the prime factors of 14?
2, 7
What are the prime factors of 76502?
2, 29, 1319
List the prime factors of 1855.
5, 7, 53
List the prime factors of 164584.
2, 7, 2939
List the prime factors of 400.
2, 5
List the prime factors of 864.
2, 3
What are the prime factors of 388?
2, 97
List the prime factors of 4528.
2, 283
What are the prime factors of 4743?
3, 17, 31
What are the prime factors of 3279?
3, 1093
List the prime factors of 56564.
2, 79, 179
What are the prime factors of 8283?
3, 11, 251
What are the prime factors of 58?
2, 29
List the prime factors of 79266.
2, 3, 11, 1201
What are the prime factors of 2661?
3, 887
List the prime factors of 71.
71
What are the prime factors of 13025?
5, 521
List the prime factors of 89108.
2, 22277
List the prime factors of 380.
2, 5, 19
List the prime factors of 3363.
3, 19, 59
List the prime factors of 8571.
3, 2857
What are the prime factors of 70896?
2, 3, 7, 211
List the prime factors of 20022.
2, 3, 47, 71
List the prime factors of 5094.
2, 3, 283
What are the prime factors of 3050?
2, 5, 61
What are the prime factors of 43?
43
List the prime factors of 19506.
2, 3, 3251
List the prime factors of 2996.
2, 7, 107
What are the prime factors of 130391?
101, 1291
List the prime factors of 4402.
2, 31, 71
What are the prime factors of 77942?
2, 38971
What are the prime factors of 646?
2, 17, 19
List the prime factors of 16855.
5, 3371
List the prime factors of 1272.
2, 3, 53
List the prime factors of 24619.
7, 3517
What are the prime factors of 28768?
2, 29, 31
List the prime factors of 881.
881
List the prime factors of 54439.
7, 11, 101
What are the prime factors of 42112?
2, 7, 47
List the prime factors of 44526.
2, 3, 41, 181
What are the prime factors of 27911?
13, 19, 113
List the prime factors of 1515.
3, 5, 101
List the prime factors of 2504.
2, 313
What are the prime factors of 735?
3, 5, 7
List the prime factors of 65633.
65633
What are the prime factors of 123185?
5, 71, 347
List the prime factors of 5812.
2, 1453
What are the prime factors of 3951?
3, 439
What are the prime factors of 2577?
3, 859
List the prime factors of 953.
953
What are the prime factors of 10554?
2, 3, 1759
What are the prime factors of 1243?
11, 113
What are the prime factors of 179175?
3, 5, 2389
What are the prime factors of 5508?
2, 3, 17
What are the prime factors of 24073?
7, 19, 181
List the prime factors of 3600.
2, 3, 5
What are the prime factors of 42485?
5, 29, 293
What are the prime factors of 112987?
7, 16141
What are the prime factors of 7687?
7687
List the prime factors of 838.
2, 419
What are the prime factors of 5719?
7, 19, 43
List the prime factors of 1373.
1373
What are the prime factors of 14749?
7, 43
List the prime factors of 20862.
2, 3, 19, 61
List the prime factors of 16218.
2, 3, 17, 53
What are the prime factors of 42744?
2, 3, 13, 137
What are the prime factors of 589?
19, 31
What are the prime factors of 1910?
2, 5, 191
List the prime factors of 1604.
2, 401
What are the prime factors of 80716?
2, 17, 1187
List the prime factors of 1394.
2, 17, 41
List the prime factors of 4587.
3, 11, 139
List the prime factors of 308.
2, 7, 11
List the prime factors of 545.
5, 109
List the prime factors of 100431.
3, 11159
What are the prime factors of 16887?
3, 13, 433
List the prime factors of 67747.
37, 1831
What are the prime factors of 980?
2, 5, 7
List the prime factors of 176114.
2, 173, 509
List the prime factors of 1217.
1217
List the prime factors of 3240.
2, 3, 5
What are the prime factors of 36063?
3, 4007
List the prime factors of 95921.
7, 71, 193
What are the prime factors of 5146?
2, 31, 83
What are the prime factors of 1822?
2, 911
List the prime factors of 26692.
2, 6673
List the prime factors of 329.
7, 47
What are the prime factors of 800?
2, 5
What are the prime factors of 6721?
11, 13, 47
What are the prime factors of 2848?
2, 89
List the prime factors of 69268.
2, 17317
List the prime factors of 625.
5
List the prime factors of 85164.
2, 3, 47, 151
What are the prime factors of 976?
2, 61
What are the prime factors of 2121?
3, 7, 101
What are the prime factors of 7458?
2, 3, 11, 113
What are the prime factors of 14539?
7, 31, 67
List the prime factors of 6560.
2, 5, 41
List the prime factors of 10693.
17, 37
List the prime factors of 3819.
3, 19, 67
List the prime factors of 38025.
3, 5, 13
List the prime factors of 106982.
2, 149, 359
What are the prime factors of 11167?
13, 859
What are the prime factors of 2846?
2, 1423
What are the prime factors of 3080?
2, 5, 7, 11
What are the prime factors of 2911?
41, 71
List the prime factors of 49794.
2, 3, 43, 193
What are the prime factors of 963?
3, 107
List the prime factors of 252.
2, 3, 7
What are the prime factors of 8302?
2, 7, 593
List the prime factors of 1458.
2, 3
What are the prime factors of 16986?
2, 3, 19, 149
List the prime factors of 84.
2, 3, 7
List the prime factors of 15163.
59, 257
What are the prime factors of 531?
3, 59
List the prime factors of 55202.
2, 7, 3943
What are the prime factors of 36605?
5, 7321
What are the prime factors of 79?
79
What are the prime factors of 4914?
2, 3, 7, 13
What are the prime factors of 4492?
2, 1123
List the prime factors of 23539.
23539
What are the prime factors of 74247?
3, 24749
What are the prime factors of 1765?
5, 353
List the prime factors of 4428.
2, 3, 41
List the prime factors of 55171.
55171
What are the prime factors of 3720?
2, 3, 5, 31
What are the prime factors of 29040?
2, 3, 5, 11
List the prime factors of 75913.
75913
What are the prime factors of 47609?
47609
What are the prime factors of 23074?
2, 83, 139
What are the prime factors of 8?
2
List the prime factors of 1659.
3, 7, 79
What are the prime factors of 2088?
2, 3, 29
What are the prime factors of 1086?
2, 3, 181
What are the prime factors of 57031?
13, 41, 107
What are the prime factors of 12828?
2, 3, 1069
What are the prime factors of 33065?
5, 17, 389
List the prime factors of 6109.
41, 149
What are the prime factors of 137421?
3, 15269
List the prime factors of 5080.
2, 5, 127
List the prime factors of 48757.
48757
What are the prime factors of 10545?
3, 5, 19, 37
What are the prime factors of 687?
3, 229
List the prime factors of 23735.
5, 47, 101
List the prime factors of 134103.
3, 44701
What are the prime factors of 5691?
3, 7, 271
What are the prime factors of 53563?
29, 1847
List the prime factors of 111260.
2, 5, 5563
What are the prime factors of 8915?
5, 1783
What are the prime factors of 6019?
13, 463
What are the prime factors of 17814?
2, 3, 2969
What are the prime factors of 3065?
5, 613
What are the prime factors of 5513?
37, 149
What are the prime factors of 5560?
2, 5, 139
What are the prime factors of 67524?
2, 3, 17, 331
List the prime factors of 1823.
1823
List the prime factors of 17620.
2, 5, 881
What are the prime factors of 2537?
43, 59
List the prime factors of 4502.
2, 2251
What are the prime factors of 6558?
2, 3, 1093
What are the prime factors of 16972?
2, 4243
What are the prime factors of 1967?
7, 281
What are the prime factors of 31122?
2, 3, 7, 13, 19
List the prime factors of 99.
3, 11
List the prime factors of 986.
2, 17, 29
List the prime factors of 2272.
2, 71
What are the prime factors of 76645?
5, 15329
List the prime factors of 126003.
3, 97, 433
List the prime factors of 28624.
2, 1789
What are the prime factors of 1073?
29, 37
List the prime factors of 1598.
2, 17, 47
What are the prime factors of 4039?
7, 577
List the prime factors of 70977.
3, 59, 401
What are the prime factors of 82350?
2, 3, 5, 61
List the prime factors of 6333.
3, 2111
What are the prime factors of 110367?
3, 12263
What are the prime factors of 45755?
5, 9151
What are the prime factors of 535?
5, 107
What are the prime factors of 298?
2, 149
List the prime factors of 4360.
2, 5, 109
List the prime factors of 6.
2, 3
What are the prime factors of 85290?
2, 3, 5, 2843
What are the prime factors of 40338?
2, 3, 83
List the 